{"id":103,"date":"2023-04-17T18:03:06","date_gmt":"2023-04-17T22:03:06","guid":{"rendered":"https:\/\/congreso.faces.uc.edu.ve\/?page_id=103"},"modified":"2025-05-12T11:55:19","modified_gmt":"2025-05-12T15:55:19","slug":"libros","status":"publish","type":"page","link":"https:\/\/congreso.faces.uc.edu.ve\/?page_id=103","title":{"rendered":"LIBROS"},"content":{"rendered":"<div id=\"pl-gb103-69f5eee10c8f6\"  class=\"panel-layout\" ><div id=\"pg-gb103-69f5eee10c8f6-0\"  class=\"panel-grid panel-has-style\" ><div style=\"padding-top: 2px; padding-bottom: 2px; \" data-mobile-padding=\"50px\" data-overlay-color=\"#000000\" class=\"panel-row-style panel-row-style-for-gb103-69f5eee10c8f6-0\" ><div id=\"pgc-gb103-69f5eee10c8f6-0-0\"  class=\"panel-grid-cell\" ><div id=\"panel-gb103-69f5eee10c8f6-0-0-0\" class=\"so-panel widget widget_text panel-first-child panel-last-child\" data-index=\"0\" ><div style=\"text-align: center;\" data-title-color=\"#2d3142\" data-headings-color=\"#2d3142\" class=\"panel-widget-style panel-widget-style-for-gb103-69f5eee10c8f6-0-0-0\" >\t\t\t<div class=\"textwidget\"><p style=\"text-align: center;\"><span style=\"font-size: 24px;\"><strong><span style=\"color: #003fa1;\">Congresos de Investigaci\u00f3n e Innovaci\u00f3n<br \/>\nen Ciencias Econ\u00f3micas y Sociales<\/span><\/strong><\/span><\/p>\n<\/div>\n\t\t<\/div><\/div><\/div><\/div><\/div><div id=\"pg-gb103-69f5eee10c8f6-1\"  class=\"panel-grid panel-has-style\" ><div style=\"padding-top: 10px; padding-bottom: 10px; \" data-mobile-padding=\"50px\" data-overlay-color=\"#000000\" class=\"panel-row-style panel-row-style-for-gb103-69f5eee10c8f6-1\" ><div id=\"pgc-gb103-69f5eee10c8f6-1-0\"  class=\"panel-grid-cell\" ><div id=\"panel-gb103-69f5eee10c8f6-1-0-0\" class=\"so-panel widget widget_media_image panel-first-child panel-last-child\" data-index=\"1\" ><div style=\"text-align: right;\" data-title-color=\"#2d3142\" data-headings-color=\"#2d3142\" class=\"panel-widget-style panel-widget-style-for-gb103-69f5eee10c8f6-1-0-0\" ><img loading=\"lazy\" decoding=\"async\" width=\"1973\" height=\"2560\" src=\"https:\/\/congreso.faces.uc.edu.ve\/wp-content\/uploads\/2023\/04\/PORTADA-LIBROS-VINOTINTO-01-scaled.jpg\" class=\"image wp-image-97  attachment-full size-full\" alt=\"\" style=\"max-width: 100%; height: auto;\" srcset=\"https:\/\/congreso.faces.uc.edu.ve\/wp-content\/uploads\/2023\/04\/PORTADA-LIBROS-VINOTINTO-01-scaled.jpg 1973w, https:\/\/congreso.faces.uc.edu.ve\/wp-content\/uploads\/2023\/04\/PORTADA-LIBROS-VINOTINTO-01-231x300.jpg 231w, https:\/\/congreso.faces.uc.edu.ve\/wp-content\/uploads\/2023\/04\/PORTADA-LIBROS-VINOTINTO-01-789x1024.jpg 789w, https:\/\/congreso.faces.uc.edu.ve\/wp-content\/uploads\/2023\/04\/PORTADA-LIBROS-VINOTINTO-01-768x997.jpg 768w, https:\/\/congreso.faces.uc.edu.ve\/wp-content\/uploads\/2023\/04\/PORTADA-LIBROS-VINOTINTO-01-1184x1536.jpg 1184w, https:\/\/congreso.faces.uc.edu.ve\/wp-content\/uploads\/2023\/04\/PORTADA-LIBROS-VINOTINTO-01-1578x2048.jpg 1578w, https:\/\/congreso.faces.uc.edu.ve\/wp-content\/uploads\/2023\/04\/PORTADA-LIBROS-VINOTINTO-01-200x260.jpg 200w, https:\/\/congreso.faces.uc.edu.ve\/wp-content\/uploads\/2023\/04\/PORTADA-LIBROS-VINOTINTO-01-690x895.jpg 690w\" sizes=\"auto, (max-width: 1973px) 100vw, 1973px\" \/><\/div><\/div><\/div><div id=\"pgc-gb103-69f5eee10c8f6-1-1\"  class=\"panel-grid-cell\" ><div id=\"panel-gb103-69f5eee10c8f6-1-1-0\" class=\"so-panel widget widget_text panel-first-child\" data-index=\"2\" ><div style=\"text-align: left;\" data-title-color=\"#2d3142\" data-headings-color=\"#2d3142\" class=\"panel-widget-style panel-widget-style-for-gb103-69f5eee10c8f6-1-1-0\" >\t\t\t<div class=\"textwidget\"><p style=\"text-align: center;\"><a href=\"https:\/\/drive.google.com\/drive\/folders\/1rZO4MNUf1hRrsxAreJEkHwoyEzgHGWdx\" target=\"_blank\" rel=\"noopener\"><span style=\"color: #003fa1; font-size: 22px;\"><strong>I Congreso Nacional a\u00f1o 2015<\/strong><\/span><\/a><\/p>\n<\/div>\n\t\t<\/div><\/div><div id=\"panel-gb103-69f5eee10c8f6-1-1-1\" class=\"so-panel widget widget_text\" data-index=\"3\" ><div style=\"text-align: left;\" data-title-color=\"#2d3142\" data-headings-color=\"#2d3142\" class=\"panel-widget-style panel-widget-style-for-gb103-69f5eee10c8f6-1-1-1\" >\t\t\t<div class=\"textwidget\"><p style=\"text-align: center;\"><a href=\"http:\/\/www.riuc.bc.uc.edu.ve\/handle\/123456789\/4300\" target=\"_blank\" rel=\"noopener\"><span style=\"color: #003fa1; font-size: 22px;\"><strong>I Congreso Internacional a\u00f1o 2016<\/strong><\/span><\/a><\/p>\n<\/div>\n\t\t<\/div><\/div><div id=\"panel-gb103-69f5eee10c8f6-1-1-2\" class=\"so-panel widget widget_text\" data-index=\"4\" ><div style=\"text-align: center;\" data-title-color=\"#2d3142\" data-headings-color=\"#2d3142\" class=\"panel-widget-style panel-widget-style-for-gb103-69f5eee10c8f6-1-1-2\" >\t\t\t<div class=\"textwidget\"><p style=\"text-align: center;\"><a href=\"https:\/\/drive.google.com\/drive\/folders\/1bpu8zLq3oCyGYH_kOXwwscLffe4iR6_I\" target=\"_blank\" rel=\"noopener\"><span style=\"color: #003fa1; font-size: 22px;\"><strong>II Congreso Nacional a\u00f1o 2017<\/strong><\/span><\/a><\/p>\n<\/div>\n\t\t<\/div><\/div><div id=\"panel-gb103-69f5eee10c8f6-1-1-3\" class=\"so-panel widget widget_text\" data-index=\"5\" ><div style=\"text-align: center;\" data-title-color=\"#2d3142\" data-headings-color=\"#2d3142\" class=\"panel-widget-style panel-widget-style-for-gb103-69f5eee10c8f6-1-1-3\" >\t\t\t<div class=\"textwidget\"><p style=\"text-align: center;\"><a href=\"https:\/\/drive.google.com\/drive\/folders\/12EfxRtBQj6XxxUkcPm8EaLXFh07mwp_3\"><span style=\"color: #003fa1; font-size: 22px;\"><strong>II Congreso Internacional a\u00f1o 2018<\/strong><\/span><\/a><\/p>\n<\/div>\n\t\t<\/div><\/div><div id=\"panel-gb103-69f5eee10c8f6-1-1-4\" class=\"so-panel widget widget_text\" data-index=\"6\" ><div style=\"text-align: center;\" data-title-color=\"#2d3142\" data-headings-color=\"#2d3142\" class=\"panel-widget-style panel-widget-style-for-gb103-69f5eee10c8f6-1-1-4\" >\t\t\t<div class=\"textwidget\"><p style=\"text-align: center;\"><a href=\"https:\/\/congreso.faces.uc.edu.ve\/?page_id=257\"><span style=\"color: #003fa1; font-size: 22px;\"><strong>III Congreso Nacional e Internacional a\u00f1o 2019-2020<\/strong><\/span><\/a><\/p>\n<\/div>\n\t\t<\/div><\/div><div id=\"panel-gb103-69f5eee10c8f6-1-1-5\" class=\"so-panel widget widget_text\" data-index=\"7\" ><div style=\"text-align: center;\" data-title-color=\"#2d3142\" data-headings-color=\"#2d3142\" class=\"panel-widget-style panel-widget-style-for-gb103-69f5eee10c8f6-1-1-5\" >\t\t\t<div class=\"textwidget\"><p style=\"text-align: center;\"><a href=\"https:\/\/congreso.faces.uc.edu.ve\/?page_id=109\/\"><span style=\"color: #003fa1; font-size: 22px;\"><strong>IV Congreso Nacional a\u00f1o 2021<\/strong><\/span><\/a><\/p>\n<\/div>\n\t\t<\/div><\/div><div id=\"panel-gb103-69f5eee10c8f6-1-1-6\" class=\"so-panel widget widget_text\" data-index=\"8\" ><div style=\"text-align: center;\" data-title-color=\"#2d3142\" data-headings-color=\"#2d3142\" class=\"panel-widget-style panel-widget-style-for-gb103-69f5eee10c8f6-1-1-6\" >\t\t\t<div class=\"textwidget\"><p style=\"text-align: center;\"><a href=\"https:\/\/congreso.faces.uc.edu.ve\/?page_id=231\"><span style=\"color: #003fa1; font-size: 22px;\"><strong>IV Congreso Internacional a\u00f1o 2022<\/strong><\/span><\/a><\/p>\n<\/div>\n\t\t<\/div><\/div><div id=\"panel-gb103-69f5eee10c8f6-1-1-7\" class=\"so-panel widget widget_text\" data-index=\"9\" ><div style=\"text-align: center;\" data-title-color=\"#2d3142\" data-headings-color=\"#2d3142\" class=\"panel-widget-style panel-widget-style-for-gb103-69f5eee10c8f6-1-1-7\" >\t\t\t<div class=\"textwidget\"><p style=\"text-align: center;\"><a href=\"https:\/\/congreso.faces.uc.edu.ve\/?page_id=387\"><span style=\"color: #003fa1; font-size: 22px;\"><strong>V Congreso Nacional a\u00f1o 2023<\/strong><\/span><\/a><\/p>\n<\/div>\n\t\t<\/div><\/div><div id=\"panel-gb103-69f5eee10c8f6-1-1-8\" class=\"so-panel widget widget_text panel-last-child\" data-index=\"10\" ><div style=\"text-align: center;\" data-title-color=\"#2d3142\" data-headings-color=\"#2d3142\" class=\"panel-widget-style panel-widget-style-for-gb103-69f5eee10c8f6-1-1-8\" >\t\t\t<div class=\"textwidget\"><p style=\"text-align: center;\"><a href=\"https:\/\/congreso.faces.uc.edu.ve\/?page_id=576\"><span style=\"color: #003fa1; font-size: 22px;\"><strong>V Congreso Internacional a\u00f1o 2024<\/strong><\/span><\/a><\/p>\n<\/div>\n\t\t<\/div><\/div><\/div><\/div><\/div><div id=\"pg-gb103-69f5eee10c8f6-2\"  class=\"panel-grid panel-has-style\" ><div style=\"padding-top: 1px; padding-bottom: 1px; \" data-mobile-padding=\"50px\" data-overlay-color=\"#000000\" class=\"panel-row-style panel-row-style-for-gb103-69f5eee10c8f6-2\" ><div id=\"pgc-gb103-69f5eee10c8f6-2-0\"  class=\"panel-grid-cell panel-grid-cell-empty\" ><\/div><\/div><\/div><\/div>\n\n\n<p><\/p>\n","protected":false},"excerpt":{"rendered":"<p>Congresos de Investigaci\u00f3n e Innovaci\u00f3n en Ciencias Econ\u00f3micas y Sociales I Congreso Nacional a\u00f1o 2015 I Congreso Internacional a\u00f1o 2016<\/p>\n","protected":false},"author":1,"featured_media":0,"parent":0,"menu_order":0,"comment_status":"closed","ping_status":"closed","template":"page-templates\/template_page-builder.php","meta":{"footnotes":""},"class_list":["post-103","page","type-page","status-publish","hentry","post-item clearfix"],"_links":{"self":[{"href":"https:\/\/congreso.faces.uc.edu.ve\/index.php?rest_route=\/wp\/v2\/pages\/103","targetHints":{"allow":["GET"]}}],"collection":[{"href":"https:\/\/congreso.faces.uc.edu.ve\/index.php?rest_route=\/wp\/v2\/pages"}],"about":[{"href":"https:\/\/congreso.faces.uc.edu.ve\/index.php?rest_route=\/wp\/v2\/types\/page"}],"author":[{"embeddable":true,"href":"https:\/\/congreso.faces.uc.edu.ve\/index.php?rest_route=\/wp\/v2\/users\/1"}],"replies":[{"embeddable":true,"href":"https:\/\/congreso.faces.uc.edu.ve\/index.php?rest_route=%2Fwp%2Fv2%2Fcomments&post=103"}],"version-history":[{"count":26,"href":"https:\/\/congreso.faces.uc.edu.ve\/index.php?rest_route=\/wp\/v2\/pages\/103\/revisions"}],"predecessor-version":[{"id":799,"href":"https:\/\/congreso.faces.uc.edu.ve\/index.php?rest_route=\/wp\/v2\/pages\/103\/revisions\/799"}],"wp:attachment":[{"href":"https:\/\/congreso.faces.uc.edu.ve\/index.php?rest_route=%2Fwp%2Fv2%2Fmedia&parent=103"}],"curies":[{"name":"wp","href":"https:\/\/api.w.org\/{rel}","templated":true}]}}